prime factors of ((-78)/65 - 126/10)*-185?
3, 23, 37
Suppose -2*q + 10 = 0, 0 = 3*p + 3*q - 818 - 484. What are the prime factors of p?
3, 11, 13
Suppose 0*b + 354 = -3*b. Let j = 361 + b. List the prime factors of j.
3
Let i(h) = 1382*h + 1383*h + 5*h**2 - 2765*h + 1. Let m(n) = -n. Let u be m(-4). What are the prime factors of i(u)?
3
Let m(c) = -4*c**3 - 3*c**2 + 6*c + 10. Let n be m(-5). Suppose 6*r = 9*r - n. List the prime factors of r.
3, 5
Let s = 77 - 76. List the prime factors of (-113)/(-3 + s + 1).
113
Let v = -5141 + 7953. List the prime factors of v.
2, 19, 37
Suppose 0 = -4*k + 3*k - 4. List the prime factors of (4 - (k - 0)) + 1.
3
Let d = 28 - 18. Suppose -b + 19 + d = 0. What are the prime factors of b?
29
Suppose -66*h = -64*h. Suppose -4*a - 4*s + 972 = 0, h = a - s - 204 - 37. List the prime factors of a.
2, 11
Let r = -258 + 361. What are the prime factors of r?
103
Let x be 10/(-4)*64/(-20). Suppose 30*q - 31*q = -x. What are the prime factors of q?
2
Let o = 516 + 19. List the prime factors of o.
5, 107
Suppose -5*j + 121 = 4*u - 409, -516 = -4*u + 2*j. Suppose -p - 4*p + 40 = 0. Suppose u = -3*t + p*t. What are the prime factors of t?
2, 13
Let w = -30 + 32. List the prime factors of w/(-12) - (-1112)/48.
23
Let o = -3522 + 7985. List the prime factors of o.
4463
Suppose -4*v = 7 + 21. Let c(p) = -14 + 8*p - 9 + 16 + 2*p**2. What are the prime factors of c(v)?
5, 7
Let p(n) = 2*n**2 - 9*n - 5. List the prime factors of p(-7).
2, 3, 13
Let q be (3 - 2)*54/(-1). Let y(s) = -96*s + 3. Let w be y(-1). Let v = w + q. List the prime factors of v.
3, 5
Let g = -449 - -880. What are the prime factors of g?
431
Suppose -19*y = -14*y - 25. Suppose 4*n = -y*l + 467, -2*n = -3*l + 4*l - 97. List the prime factors of l.
7, 13
Suppose 483*q - 12474 = 469*q. What are the prime factors of q?
3, 11
Let z(i) = i**3 - 22*i**2 - 2*i + 44. Let j be z(22). List the prime factors of -4 + 7 + 101 + j + -4.
2, 5
Let c(l) = -20*l + 1. Let t be c(-5). Suppose 0 = 4*p - 4*n - 45 + 269, 2*n = -5*p - 245. Let q = t + p. List the prime factors of q.
2, 5
Let j(h) = 15*h**2 + 406. What are the prime factors of j(0)?
2, 7, 29
Let j(o) = -o**3 - 5*o**2 - 9*o - 35. List the prime factors of j(-7).
2, 3, 7
Suppose 5*w + 0*w = 55. Let q = -6 + w. Suppose 2*v - q*o = 51, -v - 4*o - 84 = -5*v. What are the prime factors of v?
2, 3
Let n(c) = c**2 + 6*c + 10. Let w be n(-5). Suppose 3*k = w*k - 160. What are the prime factors of k?
2, 5
Suppose -11*h - 3107 = -24*h. List the prime factors of h.
239
Let h(n) = 5*n**3 - 2*n**2 - 4*n + 27. List the prime factors of h(4).
13, 23
Let x = -1151 - -1663. List the prime factors of x.
2
Let s be 8/(-40) - (-9)/(-5). Let o be s/(-7) + (-1420)/70. Let h = 42 + o. List the prime factors of h.
2, 11
Let n be 530/(-25) + 1/5. Let l = -4 - -42. Let y = l + n. What are the prime factors of y?
17
Suppose -10 - 52 = -2*g. Let z = g - 3. List the prime factors of z.
2, 7
What are the prime factors of (1 + 0 + 1)/((-60)/(-210))?
7
Suppose 5*y - 5*f = 10, -2*y - 5 = -4*y + f. Suppose -6*j + y*j = -666. What are the prime factors of j?
2, 3, 37
Let s(o) = -o**3 + 7*o**2 - 4*o + 3. Suppose 3*n + 6 = 21. Suppose n*b - 48 = -23. What are the prime factors of s(b)?
3, 11
Let f(x) = x**3 - 8*x**2 + 7*x + 6. Let o be f(7). Let i be 5 - 3 - (3 - o). Suppose 0 = i*p - 45 - 15. List the prime factors of p.
2, 3
Let f = 32 + -22. Suppose 5*w - f = 3*w. Suppose w*l = 103 + 42. List the prime factors of l.
29
Let w(h) = -h**2 - 2*h - 383. Let j(c) = -c**2 - 3*c - 575. Let k(s) = 5*j(s) - 8*w(s). List the prime factors of k(0).
3, 7
Let m = 1352 + 94. What are the prime factors of m?
2, 3, 241
Let y(b) = 162*b + 28. What are the prime factors of y(5)?
2, 419
Suppose 0 = -3*k - 1 - 59. List the prime factors of (-3068)/(-20) + (-52)/k + -3.
3, 17
Let s(p) = p**3 + 18*p**2 - 5*p + 9. Let z be s(-18). Suppose -6*t - z = 105. Let a = t - -71. What are the prime factors of a?
37
Suppose 3*x = 2*n - 5 - 11, -5*n + 14 = -x. Suppose 143 = n*h + 5*m, 3 + 2 = -m. List the prime factors of h.
2, 3, 7
Let r(v) be the second derivative of -v**3/2 - 2*v**2 - 13*v. What are the prime factors of r(-5)?
11
Let w(t) = 0 - 3*t + 2 + 5*t + t**2. Let s be w(-2). List the prime factors of s/(-5) - (-360)/25.
2, 7
Let v be (-71)/(-4) + -4 + 51/12. Suppose -4*u - v = -2*x, -3*u = -5*x + 14 + 31. List the prime factors of x.
3
Suppose -3*j - 4*f + 4 = 0, -4*f - 1 = -3*j + 19. Suppose -j*o + 3*t + 21 + 19 = 0, 2*t + 15 = o. Suppose o*w - 3*w = 44. List the prime factors of w.
11
List the prime factors of 23/((-161)/(-29535)) + (-6)/21.
4219
Suppose -6*u + 4*u = -6. Let x = 77 - u. What are the prime factors of x?
2, 37
Let g(j) = 39*j**2 + 2*j - 18. List the prime factors of g(5).
967
What are the prime factors of ((-8)/14)/((-64)/224) + 287?
17
Let y(p) = -p**3 + 5*p**2 + 7*p - 6. Let r be y(6). Suppose 2*t = -r*t + 16. List the prime factors of t.
2
Suppose -p - 163 = 22. Let o = -128 - p. Let l = 5 + o. List the prime factors of l.
2, 31
Let c(l) be the first derivative of -l**4/4 - l**3/3 - l**2/2 + 6*l + 9. List the prime factors of c(-4).
2, 29
Suppose q = 6*q. Let w(c) = -2*c - 4. Let k be w(2). List the prime factors of -1 - (3 + k - q).
2
Let d(y) = y + 3. Let j be d(0). Let f(l) = -2*l**2 - 9 + l**3 + 2 + 11 + 0*l**2 - 2*l. List the prime factors of f(j).
7
Let n(o) be the second derivative of -16*o**3/3 - 13*o**2 - 32*o. What are the prime factors of n(-4)?
2, 3, 17
Let v = 691 - 316. Let w = v - 101. List the prime factors of w.
2, 137
Suppose -v + s = -s - 11, -3*v = 3*s - 60. List the prime factors of v.
17
Let p be -2*3/6*-3. Suppose 0*s - 237 = -p*b + 3*s, 2*s + 4 = 0. Suppose -b = -a - 6*a. What are the prime factors of a?
11
Let k = -23 + 27. Suppose m = -5*q + 22, k*q - 33 = 2*m - 5*m. What are the prime factors of m?
7
Let b = -4 - -9. Suppose 2*v - b*o - 1 = 0, 2*v - 4*o = -0*v + 2. Suppose -5*z + v = a, 5*z + 3 = -12. What are the prime factors of a?
2, 3
Suppose 8 = -4*x + 16. Suppose x*z - 4*k = 218, 5*z + 4*k = z + 376. List the prime factors of z.
3, 11
Suppose -15 = -5*c, 0 = -2*h + 3*c + 766 + 703. List the prime factors of h.
739
Let c = 198 + -88. Let i be (-20)/c + 62/(-22). What are the prime factors of (49 - -1)*(4 + i)?
2, 5
Let p = 4826 + -2349. List the prime factors of p.
2477
Let f = -16 + 18. Suppose -1 = f*k - 5. Suppose k*s + g = -0*g + 86, 48 = s + 3*g. What are the prime factors of s?
2, 3, 7
Let m = -24 - -28. Let u = m + 58. What are the prime factors of u?
2, 31
Suppose 0 = -120*p + 118*p + 20. What are the prime factors of p?
2, 5
Suppose 2 = 2*c, -4*n + 0*n - c = -925. What are the prime factors of n?
3, 7, 11
Let w(i) = -i**3 + 41 + 17 - 4 - i + 2*i**2. List the prime factors of w(0).
2, 3
Let l be -15 + (3 - 5) - 3. List the prime factors of (-1358)/(-4) + (-2)/l*5.
2, 5, 17
Suppose 3 = 3*c + n, -4*n - 1 + 6 = 5*c. Suppose -19 = 5*f + c. Let g(t) = -t + 1. List the prime factors of g(f).
5
Let d(g) = -51*g**3 - 5*g**2 - 6*g - 5. List the prime factors of d(-3).
5, 269
Suppose 4*j - 3*i = i + 1516, i = -5*j + 1865. List the prime factors of j.
2, 11, 17
Suppose -17*i + 7967 + 8098 = 0. What are the prime factors of i?
3, 5, 7
What are the prime factors of (-26)/(-39) - 16/(-3)?
2, 3
Let n(d) = 2*d + 11. Let c be n(-6). Let j be 3/c - (-13 - -5). Suppose w + 4*v - 30 = 3*v, 5*w - 130 = j*v. What are the prime factors of w?
2, 7
Let f be (-2 - 1)*4/(-6). Let b be (f - -110)/(1 - 0). Suppose b - 4 = 4*v. List the prime factors of v.
3
Suppose 0 = -4*n + 5*n. Suppose -2*p - 2*h + 108 = 3*p, n = -h - 1. What are the prime factors of p?
2, 11
Suppose 6*j - 12 = -0*j. Let a(q) = 2*q**3 + 2*q. List the prime factors of a(j).
2, 5
Suppose -8*g + 6*g + 8089 = 5*y, 0 = 3*y - 15. What are the prime factors of (-1)/7 + g/98?
41
Suppose 5*d = 8*d - 12. Suppose 1 = -3*l + d. Suppose -23 = -u + l. List the prime factors of u.
2, 3
Suppose 37*t - 936 = 25*t. List the prime factors of t.
2, 3, 13
Let w(h) = -h**3 + 6*h**2 + 12*h - 10. Suppose 0 = -5*f + f + 48. Suppose f*r - 9*r = 21. What are the prime factors of w(r)?
5
Suppose 256 = 4*y + 5*c, 2*c + 8 = -0*c. What are the prime factors of y?
3, 23
List the prime factors of (15*69